 Determine m(o).
-3
Let t(c) be the first derivative of 13*c**3/3 + 2*c**2 - 9*c - 12330. What is t(2)?
51
Let u(p) = 3*p - 48. Suppose 261*h - 753 + 284 = 1619. Determine u(h).
-24
Let q(a) be the third derivative of -a**4/6 + a**3/3 + 49*a**2. Determine q(4).
-14
Let a(u) = 10 + 70 + 11 - 15*u - 7 - 1. Calculate a(5).
8
Let v(g) = 3*g**2 - 12*g + 14. Let h(s) be the third derivative of s**5/60 - s**4/24 + s**3/2 - 52*s**2 + s. Let i(w) = 4*h(w) - v(w). What is i(-10)?
18
Let a(s) = -6*s**2 + 192*s - 6. Let f be a(32). Let k(l) = 2*l**2 + 7*l - 4. Calculate k(f).
26
Let u = -42240 - -42237. Let p(y) = -4*y**3 + y**2 - 2*y - 4. Determine p(u).
119
Let i(p) = 26 - 10 - 17 - p. Let s(l) = l**2 - 3*l - 29. Let o be s(-5). Suppose 3*d = -o*d + 70. What is i(d)?
-6
Let a(g) = -11*g**2 + 10*g - 2. Let j(v) = 4*v**3 + 2*v**2 + 3*v - 4. Let o be j(1). Let m(s) = 9*s**2 - 9*s + 2. Let r(z) = o*m(z) + 4*a(z). Determine r(-4).
38
Let p = -31 + 33. Suppose p*j + 62 = -r + 3*r, -4*r + 160 = -5*j. Let u be ((-2)/(-21) + j/(-63))*3. Let f(m) = m**3 - 2*m**2 + 3*m - 2. Determine f(u).
4
Let g(t) = t + 3. Let a(m) = -m - 2. Let u(c) = 6*c**2 - 18*c**2 + 16 + 11*c - 21 + c**3. Let l be u(11). Let d(r) = l*g(r) - 4*a(r). Determine d(-5).
-2
Let q be (2/4)/((-19)/(-38)). Let i(x) = 18*x - 6. Calculate i(q).
12
Let g(u) = 4363*u - 2114*u + 3 - 2251*u. Suppose 0 = -8*l + 3*l + 3*p + 31, 2*l = -5*p + 31. Give g(l).
-13
Let b = 3 + -2. Let m(c) = -1. Let a(n) = n + 7. Let h(u) = b*a(u) + 6*m(u). Determine h(-7).
-6
Let p(d) = d**2 - 20*d + 9. Let q(f) = -f**3 - 31*f**2 - 157*f - 157. Let t be q(-25). Give p(t).
-27
Let t = 252 - 250. Let z(o) = -10*o**2 - 207*o**3 + 206*o**3 + 9*o**2 - o. What is z(t)?
-14
Let v(h) = -h**3 - 43*h**2 - 41*h + 37. Suppose 274*n - 91*n + 3440 = -4246. Calculate v(n).
-5
Let s be 1/((-14)/16 + 1). Let r(w) = 57 - w**2 - s*w + 56 - 119. Calculate r(-5).
9
Let i(n) be the first derivative of -7*n**3/3 + 107*n**2/2 - 22*n - 2575. Calculate i(15).
8
Let l = 22 - 14. Let y(a) = -2*a**3 - 3*a**2 + a - 2. Let p(m) = -5*m**3 - 9*m**2 + 3*m - 6. Let t(i) = l*y(i) - 3*p(i). Let n = -70 - -72. What is t(n)?
4
Let z(m) = -m - 1. Suppose -5 + 8 = c, -4*c + 747 = 3*t. Let g = t + -234. What is z(g)?
-12
Let r be (0 - (0 - 0))/1. Let b = -100 + 104. Let p(v) = b + 12 + v**2 - 26 + 8. What is p(r)?
-2
Let v(i) be the first derivative of -i**3/3 - 9*i**2/2 - 10*i + 2350. Calculate v(-6).
8
Let z be (-20*42/(-560))/3. Let i(p) be the second derivative of z*p**2 + 0 - 7/3*p**3 - 37*p. What is i(-1)?
15
Let s(t) = t**2 - 3*t + 1. Let y(w) = w**2 + 18*w + 19. Let h be y(-17). Let j(k) = -18*k + 5 - k**h - 1 + 3 + 20*k. Let r be j(3). Calculate s(r).
5
Let d be (8/6)/(2/(-3)). Let g(s) = -2*s**2 - 4*s + 1. Let r be g(-2). Let x(n) = -2*n**2 + 9*n + 3*n**2 + 2 - r - 8*n + n**3. Calculate x(d).
-5
Suppose 666*z + 662 = -466*z - 470. Let a(j) = j. Let b(g) = -g**2 + g - 1. Let q(u) = 3*a(u) - b(u). Calculate q(z).
0
Let o = 618 - 615. Let r(y) = -o + 3*y**3 - 3*y + 5*y**2 + 8*y**2 - 14*y**2 - 2*y**3. Give r(-3).
-30
Let h(a) be the first derivative of -a**4/4 - 4*a**3/3 + 8*a**2 + 47*a - 3366. What is h(-5)?
-8
Let c(i) = i**3 - 3*i**2 - 2*i - 1. Let j be 3 + 0 - 3 - -18. Let z(v) = 16*v**2 - 16*v + 14. Let l be z(1). Let y = j - l. Determine c(y).
7
Let a(s) = 2*s**2 + 4*s - 5. Let q(u) be the third derivative of 0*u - 2/3*u**3 - 32*u**2 + 0 - 1/12*u**4. Let o be q(0). Calculate a(o).
11
Let l(z) = -3*z + 23. Let d(s) be the second derivative of s**3/6 - 7*s**2/2 + 33*s - 4. Let c(w) = 8*d(w) + 3*l(w). Give c(5).
8
Suppose -9*g = -315 + 288. Let p(q) = -3*q**3 + 6*q**2 + q. Let b(m) = -2*m**3 + 7*m**2. Let a(r) = g*p(r) - 4*b(r). Determine a(-10).
-30
Let j(d) = -5 + 27*d**2 - 75*d**2 - 5*d + 47*d**2 - 5. Let v(c) = -2*c**2 - 11*c - 20. Let k(b) = 5*j(b) - 3*v(b). Determine k(-7).
3
Let r(y) = -2*y + 53. Suppose 0 = -134*h + 47*h + 870. Give r(h).
33
Let f(r) = -2*r - 1 + 3 - 1 - 6. Let j(o) = -o**2 + 9*o - 16. Let d be j(6). Let g(n) = -2*n**3 + 4*n**2 + 3*n - 2. Let l be g(d). Calculate f(l).
-13
Let p(h) = -4*h - 1. Suppose -150 = -29*f + 26*f. Suppose 56*d + 12 = f*d. Calculate p(d).
7
Let i(s) = 4*s + 57. Let z be i(-13). Suppose -2*k = u + z, -21 = -u - 18. Let j(p) = 11*p + 6. Let l(d) = -6*d - 3. Let y(w) = 3*j(w) + 5*l(w). What is y(k)?
-9
Let f(k) be the third derivative of -5/24*k**4 + 0 - 2/3*k**3 - 5*k + 31*k**2 - 1/60*k**5. Calculate f(-2).
2
Let u(g) = g**2 - 4*g - 45. Let m(w) = 4*w**2 - 17*w - 183. Let q(t) = 2*m(t) - 9*u(t). What is q(-5)?
4
Suppose -2*g - 8 = -24. Let q(j) = -1 - g*j - 2 + j**2 + 8. Let c be 3/(-6) + (-30)/(-4). What is q(c)?
-2
Let a = 411 + 183. Let n = a - 588. Let v(f) = f**3 - 4*f**2 - 8*f - 1. Determine v(n).
23
Let x(t) = 24*t**3 + 59*t**2 + 4*t + 101. Let n(z) = 5*z**3 + 12*z**2 + z + 21. Let r(c) = 29*n(c) - 6*x(c). Calculate r(4).
-9
Let t(f) = -f**3 - 11*f**2 + 17*f + 54. Let y be ((-40)/(-50))/(-1 - (-56)/60). Determine t(y).
-6
Let y(w) = 21*w**3 + 4*w**2 - 9*w + 5. Suppose 13 = 5*v + 5*z - 3*z, 0 = -3*v + 3*z - 9. Give y(v).
21
Suppose 4*a - 3*u = -0*a + 52, a - 24 = -2*u. Let t be 1*(18/12)/(6/a). Suppose 2*m + 4*q + 18 = 0, -q - 16 = t*m - 3*q. Let w(c) = -c**2 - 4*c. Give w(m).
-5
Let w(l) = 7*l + 13. Let b = -5636 + 5642. Calculate w(b).
55
Let l(h) = 8426*h**2 - 4223*h**2 - 4209*h**2 - h**3 - 4*h + 2. What is l(-6)?
26
Let c = -142 - -190. Suppose -4*f + c = -52*f. Let k(h) = -3*h - 2. Give k(f).
1
Let f(k) = 4*k - 4. Let s(z) = z**3 + 10*z**2 + 35*z + 350. Let o be s(-10). What is f(o)?
-4
Let y(f) = f**2 - 9*f + 6. Suppose i + 239 = 3*d, -2*d - 3*i + 12 + 140 = 0. Let t = -33 + d. Let p = t - 37. Calculate y(p).
6
Let u(a) = -7*a**3 + 3*a + 11. Let t(d) = -5*d**3 + 2*d + 9. Let j(l) = -3*t(l) + 2*u(l). Let k be (1 - (1 - 0))*1. Calculate j(k).
-5
Let f(k) = -3*k**3 + 26*k**2 - 27*k + 9. Let s(w) = -4*w**3 + 35*w**2 - 37*w + 12. Let j(y) = 11*f(y) - 8*s(y). Let o = 13 - 7. What is j(o)?
-3
Suppose 0*j + z - 12 = -4*j, -2*z = 2*j. Let b(k) = j - 12*k + 12*k + 2*k. What is b(-4)?
-4
Let i(h) = h**3 + 3*h**2 - h + 3. Suppose 252 = 13*d + 2527. Let j = -179 - d. Determine i(j).
-9
Let z(r) = 6 + 0*r + 14 + 4*r - 32. Let t be z(5). Let w(h) = -2*h + 1. Give w(t).
-15
Suppose -67 - 15 - 22 = -26*a. Let z(o) = o**3 - 2*o**2 - 6*o + 14. Determine z(a).
22
Suppose 0 = 5*k - 0*k - a - 17, 2*k + a = 11. Suppose 0 = k*x + 1 - 17. Let p be (12/45*-6)/(x/(-10)). Let z(j) = -j + 5. What is z(p)?
1
Let o(p) = 11*p - 2. Suppose 1 = r, 0 = -3*z - 4*r + 1 + 6. Let v(k) = 6*k - 2. Let c be v(z). What is o(c)?
42
Let q(j) = -j**3 - 4*j**2 - 3*j + 4. Suppose -5*p = -24*p + 57. Let o(k) = 2*k + 1. Let z be o(1). Suppose p*d + 5*n = 8 + z, 0 = -d + 4*n - 19. Determine q(d).
4
Let g = -5 - -4. Let p = g + -5. Let r(y) be the third derivative of y**6/120 + 7*y**5/60 + y**4/4 - y**3/3 + 44*y**2. What is r(p)?
-2
Let w(h) = 4*h**3 + 3*h**2 + 4*h - 17. Let b(a) = 11*a**3 + 10*a**2 + 12*a - 52. Let u(m) = 3*b(m) - 8*w(m). Determine u(-6).
-44
Let k(b) = -b**3 + 9*b**2 - 11*b + 2. Suppose 4*o = -2*a + 2*o + 6, 5*a + 3*o = 13. Suppose 0 = y + y - 4, a*u - y - 14 = 0. What is k(u)?
-22
Let v(w) be the first derivative of -w**4/4 - 5*w**3 - 12*w**2 + 35*w - 680. What is v(-13)?
9
Let v(p) be the second derivative of -10*p**3 + 174*p**2 - 5936*p. Give v(6).
-12
Suppose 6*x + c + 17 = 0, 0 = 7*x - 11*x + 2*c - 14. Let k(a) = 2*a + 23. Determine k(x).
17
Suppose -5*f = -3*k - 83, -5*f + 5*k = 7*k - 103. Suppose -8*w - 13 = f. Let z(r) = r**2 + 6*r + 6. Give z(w).
-2
Suppose 0*x - x = 1. Let j(p) be the second derivative of -3/10*p**5 + 0 + 0*p**4 - 1/6*p**3 - 1/2*p**2 - 51*p. Determine j(x).
6
Let j(w) = 8*w**3 - 2*w**2 - 49*w - 30. Let p(a) = -a**3 - 2*a**2 + 9*a + 1. Let c(t) = j(t) + 6*p(t). Determine c(7).
11
Let w(y) = -y**2 + 2. Let m(n) = -n**3 + 15*n**2 - 2*n - 31. Let u(k) = -m(k) - 11*w(k). Let g(x) = 3*x**2 - 2*x - 1. Let t be g(-1). What is u(t)?
17
Let k = 2 - 4. Let y be (k + -1)*8/3. Let u(p) = p**3 + 14*p**2 + p + 7. Let v(a) = -a**2 - 2. Let d(r) = u(r) + 6*v(r). What is d(y)?
-13
Let a(w) be the third derivative of 13*w**5/60 - w**4/12 + w**3/6 + w**2. Suppose -258*b + 256*b + 5*c = -12, b + 3*c + 5 = 0. Give a(b).
12
L